*6/120 - 3*d**5/20 + d**4/2 + d**3 + 10*d**2 - 11*d. What is g(7)?
-8
Let r(l) = -2*l**3 - 2*l**2 + 18*l - 5. Let f be r(0). Let m(u) be the second derivative of -u**3/6 + 2*u**2 + 11*u. What is m(f)?
9
Suppose -g + 2*g - 2 = 0. Suppose 2*l = -g*l. Let c(t) = -3 + 2 - 39*t + 38*t - 2 + 5. What is c(l)?
2
Let q(i) be the first derivative of -i**3/3 - 9*i**2 - 13*i - 3. Suppose 0 = -9*w - 104 + 52 - 101. What is q(w)?
4
Let d(g) be the third derivative of -g**6/120 - g**5/60 - g**3/6 - 18*g**2. Let w(i) = 2*i**3 - 5*i**2 - 13*i + 4. Let u(v) = 3*d(v) + w(v). Determine u(-6).
7
Let f(u) = 2*u - 10. Let a = -1400 + 1404. Calculate f(a).
-2
Suppose r + w - 9 = 13, -4*r + 3*w = -81. Suppose -r*v + 17*v = 0. Let y(n) = -3*n**2. Let t(q) = 2*q**2 - 1. Let p(f) = -4*t(f) - 3*y(f). Determine p(v).
4
Let x(c) = 4*c**2 + 18*c - 15. Let w(q) = 3*q**2 + 17*q - 15. Let f(r) = 5*w(r) - 4*x(r). Let i = 58 - 58. Suppose i = -2*b + 7 + 17. What is f(b)?
-3
Let i(c) = 3*c + 112. Let m(k) = -2*k + 2. Let u(w) = i(w) - 2*m(w). What is u(-16)?
-4
Let o be -38*7*(-5)/10*1. Let d be o/49 - (3 - 69/21). Let v(j) = -10*j + 2. Determine v(d).
-28
Let r(q) = -2*q**3 - 35*q**2 + 5*q - 3. Let z(g) = -2*g**3 - 27*g**2 + 4*g - 3. Let x(v) = -3*r(v) + 4*z(v). Determine x(3).
-81
Let h(n) = -n**3 - 16*n**2 + 16*n + 14. Let k = -37349 + 37332. Calculate h(k).
31
Let i = -6 + 11. Let u be (12/18*1)/((-4)/(-12)). Let w(y) = -2 - y**u + 3 + 0 + 0 - 4 + 8*y. Calculate w(i).
12
Let m(f) = -f**3 + 2*f**2 + 6*f - 21. Let u = 39247 + -39242. What is m(u)?
-66
Let m(n) = -209*n + 149. Let f(t) = 239*t - 150. Let g(w) = 6*f(w) + 7*m(w). Determine g(5).
-2
Let v(l) = -l**3 + 8*l**2 - 13*l + 8. Let d(u) = 2*u**3 - 17*u**2 + 19*u + 20. Let y be d(7). Give v(y).
2
Let z = 40 + -6. Suppose z = p + 46. Let u(q) = -q**2 - 11*q. Calculate u(p).
-12
Let b be 4/10*(-7 + -3)*3. Let l(t) = -t**3 - 11*t**2 + 13*t + 8. Calculate l(b).
-4
Let x(g) be the second derivative of 0 - 20*g + 1/2*g**3 + 2*g**2. Give x(-8).
-20
Let w(v) = -v**2 - 8*v - 6. Suppose 2*g = 3*a + 148, a - g + 39 = -10. Let c = -56 - a. Determine w(c).
6
Let i be 28/(-21)*-2*(-9)/(-4). Suppose -23*r = -i*r + 68. Let k(d) = d**2 - 3*d - 2. Give k(r).
26
Let d(f) be the first derivative of -2*f**3/3 - 3*f**2 - 1401. Calculate d(-5).
-20
Let f be (-1)/1 + (33 - 8/4). Suppose -4*p = -7*p + 5*i - 29, 2*i + f = -4*p. Let x(j) = 2*j - 1. Determine x(p).
-17
Let c(a) = -2*a**3 - 7*a**2 - 9*a + 4. Let i = 2914 - 2918. Determine c(i).
56
Let k(s) = 4144*s - 4150*s - 1 - s**2 - 10. Calculate k(-4).
-3
Suppose -3*r + 2*z = -106, 0 = -r + 4*z - 3*z + 36. Suppose -1540 = -8*q - 1212. Let g = q - r. Let y(p) = p**3 - 6*p**2 - 8*p + 7. Calculate y(g).
0
Let h(p) = p**3 - 54*p**2 - 3*p - 2. Let b be h(0). Let r(z) = -79*z - 150. Determine r(b).
8
Let y(i) = i**2 - 11*i + 6. Let n be y(12). Let g = 21 - n. Suppose -9 = -5*f + 3*t, -g*f - 1 = -6*f + 4*t. Let x(k) = k**2 - 2*k + 1. What is x(f)?
4
Suppose -3*l = -2*f - 8*l + 14, -5*f + l = -35. Suppose 18 + 24 = -f*c. Let h(v) = -v - 8. Determine h(c).
-2
Suppose -12775*i + 12732*i - 172 = 0. Let v(d) = -5*d - 42. Give v(i).
-22
Let w(h) be the first derivative of -h**4/12 - 5*h**3/6 - 26*h + 4. Let v(m) be the first derivative of w(m). Suppose i + 6 - 2 = 0. Determine v(i).
4
Let r be -25*(-11 - -9)*5/50. Let v(w) = -5*w**3 - 6*w**2 + 4*w + 1. Let h(d) = d**3 + 1. Let p be 2/(-2)*-3 - 2. Let t(b) = p*v(b) + 6*h(b). Calculate t(r).
2
Suppose -7*o + 11*o - 10 = -m, 0 = -3*o + 9. Let w(d) = -2*d**3 - 4*d**2 - 2*d. Let v be w(-2). Let b = m + v. Let y(r) = r**3 - 3*r**2 - 2*r + 3. Give y(b).
-5
Let o(f) be the third derivative of f**3 - 1/12*f**5 + 10*f**2 - f + 1/3*f**4 - 1/120*f**6 + 0. Give o(-6).
-6
Let d(j) = j**2 + 3*j + 2. Let v be d(-5). Let u(x) = -6*x**2 - 19*x - 9. Let y(b) = 5*b**2 + 18*b + 8. Let l(z) = -6*u(z) - 7*y(z). Determine l(v).
-2
Let l(f) = 5*f**2 - 12*f + 15. Let h(t) = -13*t**2 + 34*t - 41. Let a(b) = 3*h(b) + 8*l(b). Let d = 5 + -10. Calculate a(d).
-8
Suppose 60 = 5*b + 65. Let d be (17 + -19)*2*(b - -2). Let l(m) = 5*m + 8. Determine l(d).
-12
Suppose 0 = 9*v + 2446 + 65. Let x = -272 - v. Let r(y) = y**3 - 6*y**2 - 3*y - 10. Calculate r(x).
18
Let o(j) = j**3 + 14*j**2 - 18*j + 16. Let x be (-206)/14 - (-164)/(-574). Give o(x).
61
Let f be (-10 + -10 + -1)/(3/(-5)). Let j be ((-7)/f)/(12/(-20))*0. Let x(i) = -4*i + 4 + 0*i + 5*i. Calculate x(j).
4
Let k(u) be the second derivative of -5*u**4/4 - u**3/6 + 4*u. Let d be 9 - (-21)/((-63)/30). Give k(d).
-14
Suppose r + 0*r = 20. Let u = r - 14. Let o(i) = 3*i**2 + 109*i - 5. Let m(k) = k**2 + 45*k - 2. Let d(x) = -5*m(x) + 2*o(x). Give d(u).
-6
Suppose 0 = -5*h + 4*o - 21, 6*h - 2*o + 18 = 2*h. Let b(q) = q + 7. Let l be b(h). Suppose n - 4 = -l. Let w(c) = -3*c**2 + c + 2. Give w(n).
-8
Suppose -44*j = 657 - 393. Let z(s) = -4 + s - 3 + s**3 - 7*s - 1 + 5*s**2. Calculate z(j).
-8
Let q(d) = d**2 + 7*d - 13. Let w(a) = -46*a + 11. Let x be w(-3). Let m = x + -158. Calculate q(m).
5
Let n = -44 + 22. Let l = n + 24. Suppose -3*q + 12 = -2*k - 5, l*k - 5*q + 27 = 0. Let m(b) = -13*b**2 - b. Give m(k).
-12
Suppose -2*m - 4*s - 10 = 0, m = -107*s + 104*s - 6. Let i(g) = 33*g + 19. Determine i(m).
-80
Let c(j) be the third derivative of -5/12*j**4 + 3 + 0*j + 1/60*j**5 + 1/2*j**3 - 10*j**2. Determine c(4).
-21
Let w = -6671 + 6667. Let f(x) = x**3 + 4*x**2 + 2*x + 9. What is f(w)?
1
Let l(w) = -14*w + 27. Let i(p) = 39*p - 83. Let c(f) = -4*i(f) - 11*l(f). What is c(20)?
-5
Let q be (42/15)/((-2)/(-45) - 148/333). Let s(a) = -2*a**2 + a**2 + 0*a**2 - 5*a + 10. Calculate s(q).
-4
Let s(w) = -w**3 + 141*w**2 + 891*w - 2. Let y be s(-6). Let h(x) = -x**2 - 57*x - 61. What is h(y)?
-5
Let q(s) = 2*s**2 - 4*s + 3. Let b be q(3). Suppose 3*p = -3*c - 9, 4*c - 7 = b. Let i(o) = 2*o - 6. Give i(p).
-20
Let k(z) be the third derivative of z**6/120 + z**5/60 + 9*z**3/2 - 350*z**2. Suppose -24*y = -21*y. Calculate k(y).
27
Let h(t) = t + 22. Let n(w) = -w - 61. Let y be n(-20). Let b = 41 + y. What is h(b)?
22
Let u = -67 + 93. Let z(r) = -u*r + 10*r + 1 + 6*r. Suppose 4*g + w - 9 = 0, 0 = g + 3*g - 2*w + 6. Give z(g).
-9
Let w = -1 + 4. Let f(i) be the third derivative of -i**5/30 - i**4/8 - 21125*i**2. What is f(w)?
-27
Let b(o) be the second derivative of -1/2*o**2 + 0 - 59*o + 1/6*o**3. Determine b(-4).
-5
Suppose 0*f = 10*f + 180. Let r be (-12)/(-54) - 32/f. Let o(x) = 2 - 2*x + 4*x - x - r*x. Give o(3).
-1
Let z(u) = -16*u**3 - 18*u**2 + 42. Let j(t) = -13*t**3 - 16*t**2 - t + 41. Let k(i) = 5*j(i) - 4*z(i). Calculate k(-6).
-5
Let k(n) be the first derivative of 1/3*n**3 + 1/2*n**2 + 19 - 2*n. Determine k(3).
10
Let x(m) = -m**3 + 8*m**2 + m - 2. Let j be (2/3)/(1056/12528) - 1/(-11). What is x(j)?
6
Let n(s) = s**2 - 21. Let x(c) = c + 21. Let u(h) = -3*n(h) - 4*x(h). Let j(z) = -5*z**2 - 7*z - 32. Let a(k) = -5*j(k) + 8*u(k). What is a(-6)?
10
Let f(j) = 127 - 37*j + 144 - 227. Give f(1).
7
Let i(b) = -90*b - 87*b - 3*b**2 + 294*b - 102*b + 25. Give i(-2).
-17
Let p be 11/(22/(-52)) + 4 + 4. Let j(s) = 60*s + 1086. Give j(p).
6
Let z(n) be the second derivative of -11*n - 1/2*n**2 + 0 - 2/3*n**3. Let a be (2/3)/(2/(-9)). Calculate z(a).
11
Let k(y) = 2*y**3 - 12*y**2 - 7*y + 15. Let a(s) = s**3 - 10*s**2 + 20*s - 26. Let z be a(8). Determine k(z).
-27
Let p = 4587 - 4575. Let x(c) = 2*c**2 - 32*c + 95. Determine x(p).
-1
Let r(m) = 2*m**3 - 15*m**2 - 5*m - 19. Suppose -69*t + 20*t - 83 = -475. Calculate r(t).
5
Let g(w) = -w**3 - 8*w**2 - 16*w - 9. Suppose -2406 = 237*z + 164*z. What is g(z)?
15
Let d(i) = -2*i + 1. Let b be -3 - (0 + 15/(-3)). Suppose -b*y + 14 = 34. Give d(y).
21
Let p(w) = 4*w + 5. Suppose 0 = 7*m + 141 + 111. Let a be 16/96 + 2*(-123)/m. Calculate p(a).
33
Let y(w) = 11*w**2 + 18*w. Let b(n) = -62*n**2 - 109*n + 5. Let o(g) = 6*b(g) + 34*y(g). Give o(20).
-10
Let c(f) = -f**2 + 18*f - 9. Let m = 320 + -298. Let r be 2/2 + (19 - m) - -19. What is c(r)?
8
Let a(z) = -6*z + 20. Let t be a(2). Let b be (13 + 1)*11/(-22). Let f(w) = -w**2 + 9*w. Let v(j) = 3*j**2 - 27*j. Let x(g) = b*f(g) - 2*v(g). Calculate x(t).
-8
Suppose d - 28 = -3*k, -1 = d + 2*k - 27. Suppose -d = -n - 7. Let x(s) = -7*s**2 + n*s**2 + 4 + s**